rue
Suppose 3*y = -6, -82*d = -83*d + 2*y + 107195. Is d a prime number?
False
Suppose -2*v = -84 - 358. Let k = v + -138. Is k a composite number?
False
Is ((-28)/(-1 + -3) + -6)*16781 a composite number?
True
Suppose 7*i - 2075 = 19009. Suppose i = -9*p + 21*p. Is p prime?
True
Is (-301)/21*-375 - -6 a prime number?
True
Let y be -1*1*(2589/3)/(-1). Suppose -1449 = -5*u - x, y = -u + 4*u - x. Is u a prime number?
False
Let m(d) = 595*d + 26. Is m(3) a composite number?
False
Let v = 16 - 14. Suppose -v*g = 2*g. Is 152 + (-5 - -2) + g prime?
True
Suppose 1 = 3*r - 2*r. Let v be r/(-1 - 0) - -35. Suppose -y + v = 2*a - 6, 3*a = 3*y + 69. Is a a composite number?
True
Let p(b) = b**2 + 9*b + 9. Is p(-19) a composite number?
False
Let r be -178 - 3 - (2 - -2). Let p = r + 807. Is p a prime number?
False
Suppose -26*q + 438571 = -21447. Is q a prime number?
False
Let n(p) = -p**3 + 16*p**2 - 6*p - 7. Let c be n(12). Let v = c - 351. Suppose d - v = 3. Is d a composite number?
False
Let g(w) = 57*w + 9 + 1 + 21*w + 3. Is g(13) a prime number?
False
Let g = -542 + 1589. Let y = 1474 - g. Is y prime?
False
Suppose -2*l + 0*l + 4*g = -6, 2*g - 12 = -4*l. Is 266 - (l - (7 - 3)) a composite number?
True
Suppose -3*q + q - 888 = 2*b, 0 = 4*b + 16. Suppose -r = -2*r - 10. Is (-31)/(-4)*q/r a composite number?
True
Let i(c) = -5*c**3 + 2*c + 1. Let x = -72 + 64. Is i(x) a composite number?
True
Let k = 23159 + -12682. Is k a prime number?
True
Is ((-24365)/(-10))/(-11)*-2 composite?
False
Suppose -3*b + 10 = -5*f - 12, -4*f + 4*b - 24 = 0. Let l be (5 - 2)*f/6. Let x(v) = -36*v + 1. Is x(l) a composite number?
False
Let y = -10352 + 16154. Suppose -6*f - y = -12*f. Is f composite?
False
Let y(o) be the third derivative of o**4/24 - 3*o**3/2 - 10*o**2. Let p be y(13). Suppose 5*f = -4*q + 1291, -p*f - 1319 = -3*q - 312. Is q composite?
True
Let w(f) = -22*f**3 + 4*f**2 - f - 3. Let r be w(4). Let u = -763 - r. Is (-6)/(-27) + u/27 a composite number?
True
Let w = 26 - 28. Let c be (-3 - w)*(1 + -1). Let v(x) = -x**3 + x**2 + x + 557. Is v(c) a prime number?
True
Suppose -137 = -z + 4*k + 34, -360 = -2*z + 2*k. Suppose 5*o = 4*m + 441, 2*o - z = -0*o - 5*m. Is o composite?
False
Is 26288/6 + 75/(-225) a prime number?
False
Suppose z - 8 = 2. Suppose 0 = z*o - 4*o - 29622. Is o a composite number?
False
Let l = 9 + -9. Let n be l + -2 - (-23 + 0). Is 387/7 + (-6)/n a prime number?
False
Is (-2)/4*(-13 - 2289) composite?
False
Let i(b) = -8*b - 6*b + 11 + 5*b + b**2. Let w be i(8). Suppose -4*r - r - 4*h + 817 = 0, 0 = r - w*h - 152. Is r a prime number?
False
Suppose 2130 = 16*l - 8734. Is l prime?
False
Let q(n) = -24*n**3 + 8*n**2 + 6*n - 7. Is q(-5) prime?
True
Let f = 2764 - 4775. Let s = f - -4620. Is s a composite number?
False
Suppose -19 = -5*r - 5*g + 26, -3*r = -3*g - 33. Suppose -o - 28 - r = 0. Let u = 105 - o. Is u composite?
True
Suppose -62*b + 11292 = -58*b. Is b composite?
True
Suppose 2*c + 0*c - 41842 = 0. Is c a composite number?
False
Suppose 7477 = -3*h - 5*q, -6*h + 3*h + 3*q - 7509 = 0. Let d = h + 4480. Suppose 0 = -k - 5, 9*l - 5*k - d = 5*l. Is l a prime number?
False
Suppose -8*v - 7*v + 65805 = 0. Is v composite?
True
Suppose 3*z + 3*g - 11 = 5*z, -5*g = 4*z + 11. Is 0/(z/2) + (-7170)/(-30) prime?
True
Suppose 5*c = 2*c + 807. Let q = 524 - c. Suppose 3*l + 3*t + 31 = 4*l, -5*l - 5*t + q = 0. Is l composite?
True
Suppose -v + 28 = 24. Let j(w) = 67*w - 17. Is j(v) prime?
True
Let w(p) = -5*p**2 + 5*p**3 + 10*p - 2*p**2 - 14 + 5 - 4*p**3. Let y = -1 + 7. Is w(y) a composite number?
True
Suppose 2*h = 5*h, -5*s = h + 1735. Let j = s + 692. Suppose -4*o - 85 = -j. Is o prime?
False
Suppose 5*y = 3*a + 1 + 5, 0 = 5*y - 5*a. Suppose -4*b = -m - 165 + 21, -3*b = y*m - 108. Let n = 191 - b. Is n composite?
True
Suppose 7049 = -13*c + 14*c - 3*o, 21195 = 3*c + 3*o. Is c a composite number?
True
Let k be ((-28)/(-6))/(6/315). Let d = k - -48. Is d composite?
False
Is 9567 + (15/20)/((-15)/(-40)) composite?
True
Suppose 15*f = -9*f + 42648. Is f prime?
True
Suppose 4603 = -2*u + 31049. Is u prime?
False
Suppose -3*w + 2168 = 4*a, -w = 3*w - 16. Let s = -352 + a. Suppose 2*y - s + 45 = 0. Is y a composite number?
False
Is (22/5)/(14*(-7)/(-95305)) prime?
False
Let m = 1251 + 3188. Let u = -1218 + m. Is u composite?
False
Suppose 26*j + 16162 = 28*j. Is j composite?
False
Suppose 82*j = -39*j + 2216599. Is j composite?
True
Let y(r) = 2*r + 0*r - r**3 + 3*r**2 - 3*r + 0*r + 4. Let g be y(3). Suppose -5 + g = -4*q, 4*q - 106 = -3*u. Is u composite?
True
Suppose q + 2*q + 180 = 0. Let u be 1/6 - 50810/q. Let x = -528 + u. Is x composite?
True
Suppose -2*d + 1 = -d + 4*s, 3*d + 2*s + 7 = 0. Let k(u) = 23*u**2 + 7*u - 1. Is k(d) a prime number?
False
Suppose -4*r + 5*v + 21 - 1 = 0, v = 4*r - 4. Suppose 16 = -2*h - 5*m + 47, r = -3*h + 3*m + 78. Let a = 264 + h. Is a a composite number?
True
Let k = -176 - -363. Suppose -533 + k = -2*a + 5*y, 0 = -y - 4. Is a prime?
True
Suppose -3*s - 10*r + 7*r = -3417, -5703 = -5*s - r. Is s a composite number?
True
Is 4772124/377 + (2/(-13) - 0) a composite number?
True
Suppose 0 = -2*b + 7*b - 2640. Suppose -2*h + 2*q = q - 1679, 2*q = -3*h + 2536. Suppose -h = -5*u + b. Is u a prime number?
False
Let d(v) = -v - 16. Let n(y) = 3*y + 63. Let m(w) = 9*d(w) + 2*n(w). Is m(-8) a composite number?
True
Suppose 90633 + 117126 = 5*l - 4*p, 5*p = 4*l - 166200. Is l a composite number?
True
Suppose 3*j - 22104 = -3*k, 0 = -j - 4*k + 8692 - 1321. Is j composite?
True
Let l = -2549 - -6490. Is l prime?
False
Is (-6 + (-5565)/(-10))*2 composite?
True
Let j be 37 - (-2 - (-2)/(-2)). Let l = -18 + j. Is l composite?
True
Let a(k) = -18*k**3 - 10*k**2 + 11*k - 14. Is a(-9) prime?
False
Let s(o) = -o**3 - o**2 + o + 92. Let b be s(0). Suppose -89*t - 1137 = -b*t. Is t a composite number?
False
Let x(n) = 2*n**2 - 30*n + 89. Is x(30) a composite number?
True
Suppose 19*l + 14151 = 22*l. Is l a prime number?
False
Let b be (-1)/(-2) - (-55)/22. Suppose 0 = -y - b*y. Suppose 4*l - 695 = -5*p - y*p, -5*p + 2*l + 725 = 0. Is p composite?
True
Let m be 11/(77/98) + -6. Let o(k) = -6*k**2 + k + 3. Let x(r) = r**2 - r - 1. Let l(p) = -o(p) - 2*x(p). Is l(m) prime?
True
Let b = -6 - -18. Suppose -p = b - 0. Is 663/7 + p/(-42) a prime number?
False
Let s(c) = 20*c**2 + 10*c - 19. Let w(m) = 10*m**2 + 5*m - 10. Let p(t) = -2*s(t) + 5*w(t). Is p(-7) a prime number?
True
Let u = -16 + 25. Let x be 39/9 - 3/u. Suppose 0 = -7*y + x*y + 333. Is y composite?
True
Is (10 - 230440/(-50)) + (-1)/(-5) a prime number?
False
Let n = 17 + 10. Suppose n = 3*v - 201. Suppose 6*r - v = 2*r. Is r a prime number?
True
Suppose -140811 = -6*g - 45*g. Is g a composite number?
True
Suppose 16246 = 29*p - 27*p + 3*m, -p + 8145 = -4*m. Is p composite?
True
Let f = 1262 + -450. Suppose 17*m - 21*m = -f. Is m prime?
False
Let x(j) = 131*j + 8. Let t be x(4). Suppose -8*s = -4*s - t. Is s prime?
False
Let d = 4535 + -6417. Let u be ((-50)/3)/((-4)/786). Let q = d + u. Is q a prime number?
False
Suppose 2*q + 816 = 5*q. Suppose 3*l - q = -l. Let a = l + 14. Is a prime?
False
Let o = 7229 + -2608. Is o a composite number?
False
Suppose 5*h + 47 = -2*n, 0 = 2*n + 4*h + 25 + 19. Is 2239/1 + 14 + n composite?
False
Let o = -4020 - -8403. Suppose 2*z - 193 = o. Is -4 - -1 - z/(-11) prime?
False
Let j be 8/2*(-5 + 2). Let o(n) = 300*n**3 - 301*n**3 + 3 - 8*n**2 + 6*n - 20. Is o(j) a composite number?
False
Let v(w) = w**2 + 4*w + 1. Let j be v(-3). Let z(a) = 10*a**2 + 3*a + 2. Let g be z(j). Is (-3)/(3/(-1)) + g a prime number?
True
Suppose 0 = 54*h - 128839 - 29651. Is h a composite number?
True
Suppose -3*h - 7 = -16. Let m(k) = 15*k**2 - 4*k - 4. Is m(h) composite?
True
Suppose -3*d = 5*u - 21688, u - 28879 = -4*d + 2*u. Suppose 2*p + 1789 = k, -4*k - 5*p + d = -0*k. Is k prime?
False
Let l = 9472 + -5271. Is l composite?
False
Suppose -5*f + 77495 = -d - 3*d, -d + 5 = 0. Is f a composite number?
True
Suppose -y = 3*y - 80. Suppose y*g - 179 = 19*g. Is g prime?
True
Suppose 2*x - 4*a = 8542, -5*a = -3*a. Is x prime?
True
Suppose -58 + 2 = 2*u. Suppose -48 = 129*s - 123*s. Is 1438/14 + s/u a composite number?
False
Let t be 2/3*(-603)/(-1). Let p = 17 + t. I